pose y*z + 1020 = 4*z. Suppose 2*l = 7*l - 5*r - 255, 5*l - r = z. Is l a prime number?
False
Suppose -2*w - 1017 = -5*c, 3*c - 408 = c + 2*w. Is c a composite number?
True
Let r = -37 + 63. Suppose -r*x + 1828 = -22*x. Is x composite?
False
Suppose 0 = 4*m - m - 684. Suppose 165 = 3*c - m. Is c prime?
True
Let f be 102/14 + 4/(-14). Is 2321/f + 32/(-56) a composite number?
False
Let k(x) = x**2 + 2*x - 4. Let j be -3 + 3 + 3 - -2. Is k(j) a prime number?
True
Let r(g) = g**2 + 12*g - 3. Let h be r(-13). Is 67/5 - 4/h a composite number?
False
Let s = 39 - 60. Is (-2 + 1)*(s - 2) composite?
False
Suppose 5*c + 26 - 916 = 0. Is c prime?
False
Let p = -5 + -46. Let l = -114 - p. Let a = -30 - l. Is a a prime number?
False
Suppose 1007 = 4*x + 3*s + 129, -3*s = 3*x - 657. Suppose -1034 = -5*g + x. Is g a prime number?
True
Suppose 5*n = 144 + 341. Is n prime?
True
Let x(h) be the first derivative of h**4/4 - 4*h**3/3 + h**2 + 2*h - 1. Is x(5) composite?
False
Let t(y) be the second derivative of y**4/12 + 5*y**3/6 + 7*y**2/2 + 3*y. Suppose 4*j + 9 = -11. Is t(j) a composite number?
False
Let z = 1 + 9. Is z a composite number?
True
Let k(g) = -g**2 + 5*g - 2. Let c be k(4). Suppose -3*y + 37 = -c*y. Is y a prime number?
True
Suppose 6326 = 5*r - 7199. Is r a prime number?
False
Suppose 0*y - 573 = -3*y. Is y a composite number?
False
Let h = 166 - 87. Is h a composite number?
False
Let t = -146 - -235. Is t a composite number?
False
Suppose -2*h + 3 = -3. Suppose -16 = -h*y + 59. Is y composite?
True
Let x be 8/(-52) + 48/(-26). Let j(c) = 31*c**2 - c + 1. Is j(x) prime?
True
Is 0 - -69 - (16 + -14) a prime number?
True
Is (1 + 1)*2776/16 prime?
True
Let n(y) = 5*y**2 + 5*y - 3. Let a be n(4). Suppose -a = -f - 0. Is f composite?
False
Let v(m) = 13*m**3. Let d = 7 + -8. Let a be v(d). Is -1 + 2 - (3 + a) composite?
False
Let v(j) = -j**2 - j + 27. Suppose a + 2 = -w, -4*w + a = -0*a - 2. Let k be v(w). Let c = -17 + k. Is c composite?
True
Suppose -3*p - 14 = 283. Let o = -53 - p. Is o composite?
True
Let v(o) be the third derivative of 0*o - 3*o**2 - 1/8*o**4 + 0 + 11/30*o**5 + 1/6*o**3. Is v(2) a prime number?
True
Let x(y) = -4*y**3 - 2*y**2 - 8*y - 5. Is x(-5) prime?
False
Let o(y) = y**2 - 31*y - 34. Let p(m) = -6*m - 7. Let a(t) = 2*o(t) - 11*p(t). Is a(14) prime?
True
Let d be (8/(-20))/((-1)/10). Suppose 2*b + 5*l = 231, d*l + 5 = -b + 119. Is b/(3 - (0 + 1)) composite?
False
Let g be (-2)/(-8) + (-30)/(-8). Suppose n = g*w + 23, -2*w = -5*n - 1 + 8. Is (4/(-6))/(w/207) a composite number?
False
Let q = 21 - -101. Is q a composite number?
True
Suppose 2*u - 2686 = -0*u. Is u a prime number?
False
Suppose -m = -2*j + 1430, 5*m - 4*m - 3561 = -5*j. Suppose -5*s + 970 + j = 2*n, 4*s - 2*n = 1332. Is s a composite number?
True
Suppose -3*v - 2623 = -j + v, 0 = -4*v + 4. Is j composite?
True
Suppose 4*y = -y + 175. Suppose 3*c - y = 2*c. Is c composite?
True
Let x(m) = -3*m**2 + 3*m - 3. Let q be x(-5). Let b = q - -346. Is b a prime number?
False
Let c be (0 + 1)/((-2)/4). Let g = -4 - c. Is (-7)/14 + (-15)/g a composite number?
False
Suppose 3*d - 5*d + 6 = 0. Let s be 0 + (0 + 0)/d. Suppose 0*t - 4*c - 86 = -3*t, -c - 5 = s. Is t composite?
True
Let z be 52/6 - (-3)/9. Is 260 - (0 + z/(-3)) a composite number?
False
Let b(a) = -3*a**3 + 2*a**2 + a - 2. Suppose 0 = -5*w - 0*w - 15. Let v be b(w). Suppose v = 5*h + 24. Is h a composite number?
True
Suppose 2*g - 37 = -5*m, -2*g - m - 3*m = -38. Is g a composite number?
True
Let p = 21 - -25. Let t = -27 + p. Is t prime?
True
Suppose -2*y = 5*n - 4*n + 6, 4*y = n. Let w(d) = -14 + d - 10 + 24 + 32*d**2. Is w(y) a composite number?
False
Let k(y) = -4*y**2 - 6*y - 7. Let p be k(6). Let w = p - -272. Is w composite?
True
Let l = -74 + -22. Let x = -27 - l. Is x composite?
True
Let j = 10 + -8. Suppose -s + j = -2*n - 0*s, s + 8 = -3*n. Is (-3 - n) + 135 + 0 prime?
False
Let k(u) = 5*u**3 - 2*u**2 + 1. Let a be k(-1). Let w be (-1)/3 + (-14)/a. Suppose -159 = -w*s - s. Is s prime?
True
Let g(d) = 4*d + d - 1 - 7 + 4*d**2 - 4*d**3. Let z be g(-6). Is z/14 + (-6)/21 a prime number?
False
Suppose -4*y - 3*z = -3*y - 15, 3*z = 15. Let s(i) be the first derivative of -i**3/3 + i**2/2 + 23*i - 2. Is s(y) a composite number?
False
Suppose 0 = k - 3*k + 10. Suppose k*q - 4*l - 491 = 19, l = -q + 111. Is q a prime number?
False
Let d(j) = 122*j - 11. Is d(9) composite?
False
Suppose -2*v + 405 = -1193. Is v a composite number?
True
Suppose 0*z + 526 = 2*w - 3*z, 755 = 3*w + 4*z. Is w prime?
True
Suppose -179 = -3*b + 4*i, 0 = -4*b - 3*i - 119 + 316. Is b + 2 - (2 + -2) a prime number?
False
Is (2979/18)/((-2)/(-4)) a composite number?
False
Suppose -p - 4 + 3 = 0. Let b = 0 + p. Let q(j) = 14*j**2 - 2*j - 1. Is q(b) composite?
True
Let i be (-25)/3 + 4/(-6). Let h(j) = -34*j - 5. Is h(i) a prime number?
False
Suppose -5*g = 4*s - 8*g - 2664, 1322 = 2*s - 4*g. Is s prime?
False
Suppose 2*y - 2*b + 3*b - 6 = 0, 3*y - 9 = -3*b. Suppose 2*r - 4*n + 109 = y*r, -3*n = 9. Is r a prime number?
False
Let q(c) = -c**3 - 2*c + 1909. Is q(0) a prime number?
False
Suppose 3*x = -2*a + 5*a - 21, -2*a = 5*x. Suppose a*t = d - 138, 3*t - 1 = 2. Is d a composite number?
True
Let w be (0*4/16)/(-1). Suppose w = 6*l - 81 - 465. Is l a composite number?
True
Suppose 5*n - 45 = -10. Let u = n - 3. Suppose 2*z - 193 = -5*r, u*r + 3*z + 13 = 173. Is r a prime number?
True
Suppose 0*m = 2*m - 4. Suppose 3*f + a - 1227 = -2*a, m*f - 806 = 4*a. Is f prime?
False
Let f(w) = -w**2 - 8*w + 7. Let q be f(-9). Suppose -2*x = -5*x - 9. Is -1 - q*(-57)/x a prime number?
True
Suppose 0 = 2*o - 4*d - 10, d + 1 = -o - 0. Let j be 1 - (-1 + 0 - o). Suppose -j*v = -10 - 11. Is v a composite number?
False
Is 1356/21 + 3/7 prime?
False
Let v = 22 - 16. Suppose x + 0*x + 67 = n, 2*x + v = 0. Let m = -38 + n. Is m prime?
False
Suppose 146 = x - 0. Let f(q) = 31*q - 4. Let j be f(-3). Let u = j + x. Is u prime?
False
Suppose 3*z + 2*j = -2*j + 27, 0 = 5*j. Let m be (-3)/2*(-12)/z. Is 14 - (-1 + 3 - m) composite?
True
Let g(v) = -12*v + 9. Is g(-5) a prime number?
False
Let o be ((-6)/(-10))/(1/5). Let x be (1 - o)/((-3)/6). Suppose 37 = x*u - 223. Is u a prime number?
False
Is (5 + (-2 - 2))*226 a prime number?
False
Let u(j) = -14*j - 3. Is u(-5) a composite number?
False
Suppose -20 = 4*y, k - 60 - 194 = -5*y. Suppose -2*c + m + 291 = 3*c, k = 5*c - 4*m. Is c composite?
False
Suppose 5*s - 13*n = -9*n + 798, -2*s - n = -314. Is s composite?
True
Suppose -4*s = s - 15, -3*c - 5*s - 27 = 0. Let a = 21 + c. Is a a composite number?
False
Let z(t) = t**3 - 6*t**2 - 7*t. Let k be z(7). Suppose -4*c + 29 + 11 = k. Is c prime?
False
Let z(r) = r + 1. Let b be z(5). Suppose 0 = -2*c + b*c - 20. Suppose -64 = -c*t + 91. Is t a prime number?
True
Let o(x) = x**3 + 5*x**2 - 3*x + 1. Let b be o(4). Let l = b + -86. Is l a composite number?
False
Is (-1)/(-5) + 1096/20 composite?
True
Suppose -v + 0*v + u = -123, -3*v + 365 = -4*u. Is v composite?
False
Let a be 0/(1 - 0) + 6. Let f(y) = 18*y + 2. Let h be f(2). Is (2 - a/4)*h a prime number?
True
Let v(o) = o**3 - 8*o**2 + 8*o - 4. Let w be v(7). Let z be (w + -2 - -2) + -1. Is (-3 - -1) + 42/z composite?
False
Let r(g) = 19*g**3 - 2*g**2 - 2*g - 1. Let t be r(-1). Is (t/6)/((-2)/21) a composite number?
True
Let i(m) = 18*m**2 + 2*m + 3. Let n be i(-2). Suppose 0 = -3*y - 5*d - n, 0*y + y - d + 37 = 0. Let h = y - -67. Is h a composite number?
True
Is ((-10)/(-10))/(3/2901) a composite number?
False
Suppose 9*h - 12*h = 1884. Is (-2)/(-1*(-8)/h) a composite number?
False
Let f(i) = -i**3 + 7*i**2 - 6*i + 4. Let h be f(6). Suppose -96 = -h*z - c, -c - 2*c = -4*z + 80. Is z prime?
True
Suppose -5*n + 72 = n. Is (-1205)/(-3) + 16/n composite?
True
Let r = 284 - -165. Is r prime?
True
Let h(g) = g**2 + 12. Let s be h(0). Is 446/s + (-2)/12 a prime number?
True
Let y(m) = -m**3 + 12*m**2 + 11*m - 7. Is y(9) a prime number?
False
Suppose -2*t - t = -4*h - 305, 0 = -3*t + 3*h + 300. Let q be 11 + 3/6*-8. Suppose -q = -2*v + t. Is v prime?
False
Let t(p) = 2*p**2 + 3*p. Let n be t(-3). Is 1465/n + (-14)/(-63) composite?
False
Let s(p) be the second derivative of 5*p**3/6 - 3*p**2 + 2*p. Suppose -v - 5 = -2*v.